 is the thousands digit of 3300883650?
3
What is the hundred thousands digit of 1572341?
5
What is the units digit of 31985597?
7
What is the hundreds digit of 20445531?
5
What is the millions digit of 121721089?
1
What is the tens digit of 461876928?
2
What is the hundred millions digit of 127392254?
1
What is the units digit of 693669006?
6
What is the hundred millions digit of 875496691?
8
What is the millions digit of 145429524?
5
What is the hundred thousands digit of 471179422?
1
What is the millions digit of 7471258629?
1
What is the millions digit of 28964765?
8
What is the ten millions digit of 206807938?
0
What is the tens digit of 4376952330?
3
What is the millions digit of 84559363?
4
What is the millions digit of 56132677?
6
What is the ten millions digit of 77371704?
7
What is the millions digit of 34107278?
4
What is the units digit of 519873674?
4
What is the millions digit of 11800113?
1
What is the tens digit of 11310347?
4
What is the millions digit of 4568455176?
8
What is the hundred thousands digit of 41690384?
6
What is the units digit of 4783120655?
5
What is the units digit of 296847592?
2
What is the units digit of 3210163237?
7
What is the hundred thousands digit of 290610529?
6
What is the millions digit of 57238268?
7
What is the hundred millions digit of 376963683?
3
What is the millions digit of 6338602?
6
What is the tens digit of 42393803?
0
What is the hundred thousands digit of 3634336?
6
What is the thousands digit of 250698892?
8
What is the ten thousands digit of 600531159?
3
What is the hundreds digit of 844687076?
0
What is the billions digit of 1226571738?
1
What is the millions digit of 13572335?
3
What is the units digit of 1064863349?
9
What is the hundred millions digit of 242498702?
2
What is the thousands digit of 118701346?
1
What is the ten thousands digit of 8420127?
2
What is the units digit of 436065385?
5
What is the billions digit of 2455725596?
2
What is the thousands digit of 134109131?
9
What is the millions digit of 6764090185?
4
What is the units digit of 657392880?
0
What is the units digit of 1612321438?
8
What is the hundred thousands digit of 183499352?
4
What is the ten thousands digit of 326134316?
3
What is the tens digit of 56999631?
3
What is the tens digit of 13110618?
1
What is the tens digit of 235365560?
6
What is the hundred thousands digit of 564869696?
8
What is the hundred millions digit of 556280946?
5
What is the thousands digit of 939893907?
3
What is the units digit of 45806230?
0
What is the ten thousands digit of 134323977?
2
What is the hundred millions digit of 4817828258?
8
What is the hundreds digit of 68219677?
6
What is the hundred millions digit of 635801955?
6
What is the hundreds digit of 5228394241?
2
What is the thousands digit of 323330829?
0
What is the tens digit of 47460086?
8
What is the thousands digit of 624360118?
0
What is the hundreds digit of 1050531504?
5
What is the millions digit of 209100355?
9
What is the ten thousands digit of 5982349789?
4
What is the billions digit of 1266650429?
1
What is the hundred thousands digit of 1081476540?
4
What is the ten thousands digit of 4684697199?
9
What is the hundreds digit of 1407627473?
4
What is the thousands digit of 213472320?
2
What is the billions digit of 3918494878?
3
What is the millions digit of 824144233?
4
What is the ten millions digit of 1552867565?
5
What is the hundreds digit of 4992111245?
2
What is the hundreds digit of 60405003?
0
What is the thousands digit of 66861017?
1
What is the tens digit of 41834388?
8
What is the hundred millions digit of 244343414?
2
What is the hundred thousands digit of 42338302?
3
What is the hundreds digit of 18571083?
0
What is the ten thousands digit of 48022315?
2
What is the tens digit of 49345704?
0
What is the hundred millions digit of 2795222404?
7
What is the units digit of 75882648?
8
What is the ten millions digit of 5869083013?
6
What is the tens digit of 7739342648?
4
What is the ten millions digit of 109040234?
0
What is the hundred millions digit of 397312257?
3
What is the ten thousands digit of 933863795?
6
What is the thousands digit of 10776042?
6
What is the units digit of 14225843?
3
What is the ten thousands digit of 819303114?
0
What is the tens digit of 9728329?
2
What is the hundred thousands digit of 23991871?
9
What is the hundreds digit of 52494157?
1
What is the millions digit of 32077779?
2
What is the hundreds digit of 3646574628?
6
What is the millions digit of 764986523?
4
What is the units digit of 73989528?
8
What is the ten millions digit of 61433838?
6
What is the ten millions digit of 540177397?
4
What is the ten thousands digit of 3025528?
2
What is the thousands digit of 2513049156?
9
What is the units digit of 100441371?
1
What is the ten thousands digit of 308634821?
3
What is the hundred thousands digit of 57268994?
2
What is the units digit of 1199407665?
5
What is the ten millions digit of 75102117?
7
What is the ten millions digit of 145018876?
4
What is the units digit of 58370364?
4
What is the hundreds digit of 190443009?
0
What is the ten thousands digit of 31394980?
9
What is the units digit of 87912429?
9
What is the ten thousands digit of 1184979716?
7
What is the ten thousands digit of 4645285515?
8
What is the hundred thousands digit of 46662317?
6
What is the hundred thousands digit of 599018257?
0
What is the tens digit of 216802400?
0
What is the thousands digit of 271458084?
8
What is the tens digit of 372724181?
8
What is the hundreds digit of 630719012?
0
What is the hundred thousands digit of 112155486?
1
What is the hundred thousands digit of 933284475?
2
What is the ten thousands digit of 2368077984?
7
What is the tens digit of 41499309?
0
What is the thousands digit of 393047698?
7
What is the hundred millions digit of 767369974?
7
What is the ten millions digit of 282044453?
8
What is the thousands digit of 2730791090?
1
What is the tens digit of 298100657?
5
What is the tens digit of 2237828078?
7
What is the hundreds digit of 63731807?
8
What is the hundred thousands digit of 16646919?
6
What is the ten millions digit of 432929982?
3
What is the millions digit of 4682968670?
2
What is the thousands digit of 1501203726?
3
What is the hundreds digit of 363021413?
4
What is the hundred thousands digit of 110992450?
9
What is the millions digit of 799116077?
9
What is the ten thousands digit of 12456403?
5
What is the hundred thousands digit of 159428046?
4
What is the thousands digit of 39465325?
5
What is the hundreds digit of 457490052?
0
What is the ten thousands digit of 22045154?
4
What is the ten millions digit of 15827131?
1
What is the ten millions digit of 44096849?
4
What is the hundred thousands digit of 94558846?
5
What is the units digit of 1040236913?
3
What is the thousands digit of 62071822?
1
What is the millions digit of 194333079?
4
What is the units digit of 27468384?
4
What is the hundred thousands digit of 9466880?
4
What is the tens digit of 161303035?
3
What is the ten millions digit of 1354844631?
5
What is the hundred thousands digit of 123260680?
2
What is the tens digit of 1230722923?
2
What is the tens digit of 133639667?
6
What is the ten thousands digit of 5610439?
1
What is the ten millions digit of 494789514?
9
What is the hundred thousands digit of 325228570?
2
What is the hundreds digit of 16113988?
9
What is the units digit of 5950203?
3
What is the hundreds digit of 694794669?
6
What is the ten millions digit of 431145264?
3
What is the units digit of 6940758081?
1
What is the hundred thousands digit of 5198218?
1
What is the tens digit of 58393393?
9
What is the tens digit of 226139044?
4
What is the units digit of 1223835555?
5
What is the hundred millions digit of 2665928987?
6
What is the units digit of 996882857?
7
What is the tens digit of 112366773?
7
What is the tens digit of 661714720?
2
What is the millions digit of 3320369947?
0
What is the units digit of 14988462?
2
What is the ten millions digit of 1939404222?
3
What is the units digit of 136123639?
9
What is the ten millions digit of 16754655?
1
What is the tens digit of 12421520?
2
What is the millions digit of 437680909?
7
What is the millions digit of 1122723218?
2
What is the t